n base 2, what is -100 + -1010101110001000010110101?
-1010101110001000010111001
In base 6, what is 205 - -542503?
543112
In base 7, what is 216315 - -365?
220013
In base 12, what is 3a09 + 3688?
7495
In base 13, what is -176b5cb7 - -1?
-176b5cb6
In base 16, what is -21e1d + -1df?
-21ffc
In base 9, what is -104551387 - 3?
-104551401
In base 14, what is -20 - 1545842?
-1545862
In base 7, what is 36030332 + 41?
36030403
In base 6, what is 3505222 - 15343?
3445435
In base 7, what is -522122032 - -1?
-522122031
In base 6, what is -1121200 + 1153?
-1120003
In base 15, what is 4 + -1cd5223?
-1cd521e
In base 6, what is -10 - 152332313?
-152332323
In base 8, what is -32032 - -32474?
442
In base 16, what is f + -bbdd7?
-bbdc8
In base 9, what is -1050766213 + 2?
-1050766211
In base 9, what is 1 - 354082130?
-354082128
In base 15, what is -1 - -440051?
440050
In base 2, what is 11011001001111010000100011 - -11?
11011001001111010000100110
In base 13, what is 87178 + 120c?
88387
In base 14, what is -b9366 + -9?
-b9371
In base 4, what is 100332013 + -320003?
100012010
In base 3, what is -20201210122 + -110002?
-20202020201
In base 12, what is -1033a - 78a?
-10b08
In base 12, what is -203a5299 + 2?
-203a5297
In base 6, what is 11433 - 10452420?
-10440543
In base 8, what is -1667 + 5466305?
5464416
In base 2, what is -1001101011101110111 + -1101111?
-1001101011111100110
In base 10, what is -17208145 + 11?
-17208134
In base 4, what is 2021323301121 - 0?
2021323301121
In base 8, what is 5176 - 31156?
-23760
In base 6, what is 125125403 + -1?
125125402
In base 2, what is 10111 + -1010000110111010101?
-1010000110110111110
In base 9, what is 4583380 + 4?
4583384
In base 3, what is -1222010 - -1002210?
-212100
In base 2, what is 11001 - 10000110010101010?
-10000110010010001
In base 3, what is -212122 - -1111100112?
1110110220
In base 4, what is 10332020000231 - -1?
10332020000232
In base 5, what is -144 + 114321132?
114320433
In base 8, what is 174731 - -231?
175162
In base 15, what is 6 - -bac43?
bac49
In base 4, what is -213012231133 - 1?
-213012231200
In base 3, what is 0 - -2001220122111110?
2001220122111110
In base 5, what is 1 + 143410011?
143410012
In base 5, what is 22001113311 + 43?
22001113404
In base 9, what is 58841 - 578?
58252
In base 5, what is -2242022 - 14432?
-2312004
In base 2, what is -10101000001110010100100 + 10100?
-10101000001110010010000
In base 12, what is 4 + 1b63b91?
1b63b95
In base 11, what is -546a1 - 2a?
-54720
In base 6, what is -123512 - 415033?
-542545
In base 3, what is 1100 - 11002212210?
-11002211110
In base 14, what is a6 - -6c27?
6ccd
In base 2, what is -1100110111101010 - -11100101?
-1100110100000101
In base 2, what is 100 + 1111100000010?
1111100000110
In base 4, what is 100020333230 - 331?
100020332233
In base 7, what is 20404466 + 53?
20404552
In base 9, what is 25645 - -36618?
63364
In base 16, what is -5 - 4e27e?
-4e283
In base 15, what is -184845 + 1?
-184844
In base 4, what is -20132333102 + 3000?
-20132330102
In base 4, what is -110332012300031 - -11?
-110332012300020
In base 8, what is -5 + -70202403?
-70202410
In base 5, what is 243104 - 343223?
-100114
In base 3, what is 100011 + 102200010011?
102200110022
In base 11, what is 1 - 222333?
-222332
In base 2, what is 1000000100011101000100010 + -1010100?
1000000100011100111001110
In base 14, what is 1 + 1b5c036?
1b5c037
In base 12, what is 1661 - -8944?
a3a5
In base 12, what is a734520 + 2?
a734522
In base 8, what is -4 + 250605401?
250605375
In base 9, what is 28243 + 6458?
35712
In base 6, what is -3350103 + -14451?
-3404554
In base 10, what is -141540983 - 2?
-141540985
In base 14, what is c4 - -16a14?
16ad8
In base 6, what is 2230315 + 2543?
2233302
In base 12, what is -37a70279 + 5?
-37a70274
In base 5, what is -123 - -2221324?
2221201
In base 3, what is 222110022022101 - -12?
222110022022120
In base 10, what is 2304 + -4415?
-2111
In base 10, what is -5754695 - -4?
-5754691
In base 11, what is 4214996 - -28?
4214a13
In base 12, what is 15176 + -114?
15062
In base 16, what is -a8 + -9178?
-9220
In base 7, what is 124165204 - 14?
124165160
In base 16, what is -a4cf1 + -11?
-a4d02
In base 2, what is -100 - -11100010100001000000?
11100010100000111100
In base 5, what is 401443 + 22213?
424211
In base 5, what is 21101 - 442413?
-421312
In base 14, what is 55d + -1653?
-10d4
In base 6, what is -521 + 2452555?
2452034
In base 14, what is -61c38 + -656?
-62490
In base 6, what is -122542135415 - -2?
-122542135413
In base 9, what is -37872 + 5258?
-32613
In base 14, what is 1ba5d + 202?
1bc61
In base 7, what is 2136 - 331644?
-326505
In base 3, what is 2212112 + -1201021?
1011021
In base 2, what is -1010011000001010 + 1110010011000?
-1000100101110010
In base 12, what is -61 + 470483?
470422
In base 12, what is -90a921 - 52?
-90a973
In base 12, what is 2 - 2a6868?
-2a6866
In base 4, what is -3 + -20222332232?
-20222332301
In base 15, what is 223 + -3199?
-2e76
In base 2, what is -101110111 - 110101000101001?
-110101110100000
In base 6, what is 403543540255 + 4?
403543540303
In base 11, what is -224a5597 + -3?
-224a559a
In base 15, what is -264b6944 + -1?
-264b6945
In base 6, what is 343443304 + 5?
343443313
In base 8, what is 2 - 572657614?
-572657612
In base 11, what is 91896 - 1a8?
91699
In base 11, what is 127a1 - -758?
13449
In base 16, what is b911d + -4?
b9119
In base 5, what is 12403 + 14121423?
14134331
In base 12, what is -854225 - -8?
-854219
In base 2, what is -1001000001011001110110 - -101?
-1001000001011001110001
In base 9, what is 71 + -113534?
-113453
In base 8, what is 1636376 + 117?
1636515
In base 5, what is -13421131 - 22143?
-13443324
In base 6, what is -45 - 54043450?
-54043535
In base 16, what is ba97 - 63f?
b458
In base 5, what is -243223012 + 1?
-243223011
In base 3, what is 22020211021 - -121002?
22021102100
In base 15, what is 1568792 + -3?
156878e
In base 10, what is -11543 - -80982?
69439
In base 6, what is 111232 + 102?
111334
In base 12, what is 3923 + 3375?
7098
In base 14, what is -416 + -2326?
-273c
In base 12, what is -852 + 27612?
26980
In base 6, what is 5 - -254225232?
254225241
In base 13, what is -1a94675 - -5?
-1a94670
In base 12, what is -22 - 321b3?
-32215
In base 3, what is -22220222200 - 122001?
-22221121201
In base 9, what is 4 - 40273357?
-40273353
In base 15, what is -26a2d - -20?
-26a0d
In base 16, what is 19d - 7530?
-7393
In base 11, what is 11a423 + -4442?
115a91
In base 12, what is -407785 - a6?
-40786b
In base 8, what is -346371267 + -10?
-346371277
In base 10, what is -1 - 172341976?
-172341977
In base 15, what is -31a7655 + 8?
-31a764c
In base 5, what is 134410433 - -124?
134411112
In base 3, what is -1120220001010010210 - 2?
-1120220001010010212
In base 12, what is -29671 - 1a56?
-2b507
In base 2, what is -110 - 111101011110100011101010?
-111101011110100011110000
In base 3, what is 21 + -11120110222001211?
-11120110222001120
In base 6, what is 130 + -1054355521?
-1054355351
In base 14, what is -1074b - -18d?
-1059c
In base 14, what is 9d33 + -593?
9780
In base 12, what is 872 + -262b?
-1979
In base 3, what is 22112120022221221 - 22?
22112120022221122
In base 3, what is -2101212000 - -122121?
-2101012102
In base 2, what is 1101000000 - 110000100111111?
-101110111111111
In base 16, what is 0 - 432594?
-432594
In base 5, what is -2340313011 - -1222?
-2340311234
In base 14, what is 6 - dba49?
-dba43
In base 3, what is -1002 + -2212000102122?
-2212000110201
In base 15, what is -58a285eb + 0?
-58a285eb
In base 7, what is 1210124 + 234?
1210361
In base 12, what is 1347763 + 0?
1347763
In base 14, what is 6455642 + -19?
6455627
In base 7, what is -51 - -3051101?
3051020
In base 10, what is -1236485 + -5?
-1236490
In base 16, what is 91ab0 + -3?
91aad
In base 6, what is 111414 - -213?
112031
In base 16, what is -3 + -21271a6?
-21271a9
In base 10, what is 3 + 3157726?
3157729
In base 7, what is -3344321 - 61?
-3344412
In base 12, what is 63 - -98583?
98626
In base 10, what is 39652655 + -6?
39652649
In base 9, what is 4 - 2252101?
-2252086
In base 8, what is 5430264 + 3?
5430267
In base 15, what is -d - -26edd9d?
26edd90
In base 6, what is 14 - 22011451?
-22011433
In base 10, what is -2 + 691534?
691532
In base 11, what is -